. What is the greatest common factor of 15 and w?
15
Suppose 2*r - 42 = -0*r. Suppose -4*b + 105 = r. Let d be 136/10 + 4/10. What is the greatest common factor of d and b?
7
Suppose 19 = z - o, 4*z + 5*o + 11 = 42. Let u be 2*(6/4 - -2). Calculate the highest common factor of u and z.
7
Suppose 5*k + 11 = 3*x, -2*x + 0*k + 18 = 2*k. What is the greatest common factor of 21 and x?
7
Suppose 60 = -3*a + 5*a. Let q(k) = -k**3 - 8*k**2 + 8*k + 6. Let z be q(-9). What is the greatest common divisor of a and z?
15
Suppose m - 5*m = -4528. Suppose -4*g - 32 = -m. Calculate the highest common divisor of g and 25.
25
Let m = -21 - -18. Let b be 1/m + 44/6. Calculate the greatest common factor of 35 and b.
7
Suppose -3*j - 5*d = -2*d - 27, -45 = -5*j + 4*d. What is the greatest common divisor of 6 and j?
3
Suppose 4*g - 2*o - 328 = 0, g = -o - 0*o + 76. What is the greatest common factor of 10 and g?
10
Let y(d) = 2*d - 1. Let l be y(-1). Let a be l/(3/(-4)) + -3. Calculate the greatest common divisor of a and 8.
1
Suppose -2*h + 5*f + 52 + 71 = 0, 0 = 3*h - 4*f - 167. Suppose 3*v - h = -13. What is the greatest common factor of v and 132?
12
Let g = 9 + 39. Calculate the highest common divisor of 12 and g.
12
Let k(q) = 2*q**2 - 6*q - 8. Let o be k(6). What is the greatest common factor of 112 and o?
28
Let h be -2 + (2 - 3) + 5. Let v be (-1 + h)*-1 + 13. Calculate the highest common factor of v and 12.
12
Let o(g) = -g**3 + g**2 - g + 39. Suppose 0 + 2 = a + h, -5*h + 10 = -3*a. Let f be o(a). Calculate the greatest common factor of 13 and f.
13
Suppose 6 + 4 = 5*d. Suppose c - 4 = g, 0 = 5*c + d*g + g - 36. What is the greatest common divisor of 6 and c?
6
Let n = 18 - 52. Let u = -21 - n. What is the greatest common divisor of 65 and u?
13
Let x = -2 + 7. Suppose -5*k - k + 6 = 0. Calculate the greatest common divisor of k and x.
1
Let g = 61 - 173. Let m be g*(-3)/(-6)*-2. What is the greatest common divisor of m and 16?
16
Let c be 1*13*(-8 + 9). Let q = c + -2. Calculate the greatest common divisor of 66 and q.
11
Let w = -61 - -103. Suppose -m + 4*m + 13 = p, -24 = 2*p + 4*m. Let y be (3 - 2) + 3 - p. Calculate the greatest common divisor of w and y.
6
Suppose 7*q - 3*q - 72 = 0. What is the greatest common factor of q and 45?
9
Let d = -40 - -60. Let p be d/(4/(-3) + 2). Calculate the highest common factor of 210 and p.
30
Let m be (-42)/(-3) + -2 + -4. What is the highest common factor of 88 and m?
8
Let m be (9/(-6) - 4)*-2. What is the greatest common factor of 44 and m?
11
Let s = -10 + 18. Suppose 7 = 5*n + 3*m - 13, 0 = -4*n - 3*m + 16. Calculate the greatest common divisor of n and s.
4
Let h(p) = -p**3 + 6*p**2 + 8*p - 2. Let v = 29 - 22. Let i be h(v). Calculate the greatest common factor of 15 and i.
5
Let l be (1 - 22)*24/(-28). What is the highest common divisor of l and 24?
6
Suppose 5*i - 530 + 5 = 0. Calculate the highest common factor of i and 15.
15
Suppose q - 36 = 3*p, 4*q - 161 = -21*p + 16*p. What is the greatest common factor of 273 and q?
39
Let b be (-4)/(-12)*(1 - 1). Suppose b = -2*j - 3*j + 20. What is the highest common factor of 1 and j?
1
Let d be 54/(-4 - (-1 - (-27)/(-6))). What is the highest common factor of d and 288?
36
Let a(q) = -132*q**3 - 2*q**2 - 4*q - 2. Let o be a(-1). Let k(y) = -y**2 + y + 12. Let z be k(0). Calculate the greatest common divisor of o and z.
12
Let u be (-6)/21 + 51/7. What is the greatest common factor of u and 56?
7
Let q = 2 - -8. Suppose 0*v + 2*v = q. What is the greatest common divisor of v and 10?
5
Let z(h) = -h**2 + 9*h - 2. Let r be z(8). Let s(i) = i**3 - 3*i**2 - 2*i - 2. Let o be s(4). Calculate the highest common divisor of r and o.
6
Suppose 39 + 3 = 7*r. Calculate the highest common factor of 48 and r.
6
Let h(u) = -46*u - 13. Let q be h(-4). Let l = -25 - -44. What is the greatest common factor of l and q?
19
Suppose -242 = -5*f - 6*f. What is the highest common divisor of f and 110?
22
Suppose 2*v - 2 - 30 = 0. Let m = -5 + 7. Suppose -m*c + 0*c + v = 0. Calculate the highest common factor of 1 and c.
1
Let i be 6/4 + 6*3/4. Calculate the greatest common divisor of 42 and i.
6
Suppose 3*g - 12 = 4*k, 0*g - 4*g - 4*k = -16. Suppose -3*r + 120 = 3*h, g*r - 39 - 139 = 5*h. Calculate the highest common divisor of r and 14.
14
Suppose k - 3*q = q + 9, 4*k = q + 51. Suppose 53 = d - 12. What is the greatest common factor of k and d?
13
Suppose s - 132 = v, 0 = -3*s - s - 5*v + 510. Calculate the greatest common factor of s and 26.
26
Let d(s) = 6*s - 10. Let h be d(7). Let q be ((-42)/(-8))/(3/h). What is the greatest common factor of 8 and q?
8
Suppose -4*g + 895 + 293 = 0. What is the highest common divisor of 27 and g?
27
Suppose 2*o - 3060 = -2*o - 5*n, -2*n - 752 = -o. Let a be 2/6 - o/(-24). What is the highest common factor of a and 16?
16
Suppose -3*b = -6 + 3. Calculate the highest common factor of 1 and b.
1
Suppose 5*i = -w + 155, 2*i + 0*i = -4*w + 656. What is the highest common divisor of 15 and w?
15
Let r(x) = -x + 4. Let d be r(2). What is the greatest common divisor of 4 and d?
2
Suppose 3*u - 6 = u, -9 = -4*w - 3*u. Let g be (w - 0 - 2) + 10. What is the greatest common factor of 72 and g?
8
Suppose k - 4*y = 23, k + 2*y + 12 = -y. Suppose 0 = -3*c - q + 50, 2*c - 86 = -3*c - k*q. What is the greatest common factor of 48 and c?
16
Suppose 10*z + 8 = -s + 5*z, -5*s - 5*z = 0. Suppose -6*o = -s*o - 160. Let t = -16 + 21. What is the highest common divisor of o and t?
5
Suppose -2*d + 40 = -10. What is the highest common factor of d and 25?
25
Let n(z) = z**3 + 7*z**2 - 9*z + 8. Let s = 5 + -13. Let u be n(s). What is the greatest common factor of u and 4?
4
Suppose 3*g - 5 = 1. Suppose -g*p - 23 + 253 = 0. Calculate the highest common divisor of p and 46.
23
Suppose 5*l + 5*p = 135, -l - 4*p + 0*p = -24. Let w(m) = -m + 2. Let v be w(1). Let z be v - 12/((-6)/3). What is the highest common factor of z and l?
7
Let v(l) = 3*l**3 + 2*l - 1. Let o be v(1). Suppose 2*m = -2*n + 46, -n + 31 = o*m - 58. What is the greatest common factor of 22 and m?
22
Suppose 0 = -f - 5*a + 5 - 22, -4*f - 4*a + 12 = 0. What is the greatest common divisor of f and 2?
2
Suppose -34 = -4*j - 6. Let p be 3*(j + 1 - -3). Calculate the highest common factor of p and 3.
3
Suppose -3*s - 4*z + 215 = 0, -s = -4*z - 4 - 41. Calculate the highest common divisor of 13 and s.
13
Let a(m) = -m**3 - 7*m**2 - 7*m - 1. Let n be a(-6). Suppose -2*v - 3*v + 100 = 0. Calculate the highest common factor of v and n.
5
Suppose -2*r - 2 + 8 = 0. Suppose 4*v - 2*c - 170 = 0, -v - 3*c + 50 = -r. Calculate the greatest common factor of 4 and v.
4
Let r(w) = w**2 - 12. Let k be r(4). Calculate the highest common divisor of k and 8.
4
Let c = 16 + -9. Let h = -1 + c. Calculate the greatest common divisor of 42 and h.
6
Let b(s) = -s**3 - 2*s**2 + s - 5. Let o be b(-5). Suppose 4*k - 520 = -k. Suppose -3*z = z - k. What is the greatest common divisor of z and o?
13
Let d be 356/12 - 2/(-6). Let o = 50 - d. What is the greatest common divisor of o and 10?
10
Let o be -3*-3*2/(-9). Let v = 6 + o. Suppose -v*c + 9 + 15 = 0. What is the greatest common factor of 36 and c?
6
Let z be (-1 + 6)/((-2)/(-18)). What is the highest common factor of z and 30?
15
Let c(t) = 3*t**3 + 5*t**2 + 2*t. Let z be c(-3). Let h be z/(-3) + 1 + 0. Let i be (-4)/(-10) - (-46)/10. What is the greatest common divisor of i and h?
5
Let u = 19 + -15. Suppose -u = -2*j + 10. Calculate the greatest common divisor of 63 and j.
7
Suppose -4 = 123*n - 125*n. What is the highest common divisor of n and 4?
2
Let k be (-24)/4*(-4)/(-6). Let q = k + 6. What is the highest common factor of 22 and q?
2
Suppose -6*z - 2*z = -80. Let h be ((-10)/(-8))/(8/64). What is the greatest common divisor of z and h?
10
Suppose 108 = 13*p - 10*p. Let o be 1*(-2)/2 + 91. What is the highest common divisor of o and p?
18
Let z = 16 - 10. Suppose 39 - z = 3*v. What is the greatest common divisor of 11 and v?
11
Let k = 24 + -8. What is the greatest common divisor of 112 and k?
16
Let m = -7 + 19. Suppose 104 = 4*o + 4*k + 12, -o = -k - 21. Let t = o - 10. Calculate the greatest common factor of t and m.
12
Suppose 4*o - 64 = -0*o. Suppose -3*n - 2 = 2*p,